{"id":17,"date":"2023-04-17T18:29:27","date_gmt":"2023-04-17T15:29:27","guid":{"rendered":"https:\/\/www.zidebine.ro\/poftadesanatate\/?page_id=17"},"modified":"2023-04-27T21:54:28","modified_gmt":"2023-04-27T18:54:28","slug":"despre-proiect","status":"publish","type":"page","link":"https:\/\/www.zidebine.ro\/poftadesanatate\/despre-proiect\/","title":{"rendered":"Despre proiect"},"content":{"rendered":"<section class=\"l-section wpb_row height_huge with_img\"><div class=\"l-section-img\" data-img-width=\"1920\" data-img-height=\"1080\" style=\"background-image: url(https:\/\/www.zidebine.ro\/poftadesanatate\/wp-content\/uploads\/2023\/04\/header_studenti.jpg);background-position: top center;background-repeat: no-repeat;\"><\/div><div class=\"l-section-overlay\" style=\"background:rgba(0,0,0,0.65)\"><\/div><div class=\"l-section-h i-cf\"><div class=\"g-cols vc_row via_flex valign_top type_default stacking_default\"><div class=\"vc_col-sm-12 wpb_column vc_column_container\"><div class=\"vc_column-inner\"><div class=\"wpb_wrapper\"><div class=\"wpb_text_column us_custom_d44d8758 has_text_color\"><div class=\"wpb_wrapper\"><h1>Despre proiect<\/h1>\n<\/div><\/div><\/div><\/div><\/div><\/div><\/div><\/section><section class=\"l-section wpb_row us_custom_ff56e8b9 height_large\"><div class=\"l-section-h i-cf\"><div class=\"g-cols vc_row via_flex valign_top type_default stacking_default\"><div class=\"vc_col-sm-12 wpb_column vc_column_container\"><div class=\"vc_column-inner\"><div class=\"wpb_wrapper\"><div class=\"wpb_text_column\"><div class=\"wpb_wrapper\"><p>M\u00e2nc\u0103m pe fug\u0103, bif\u0103m taskuri \u00een goan\u0103, ne \u00eemprietenim \u0219i desprietenim din mers. \u00centr-o lume \u00eentr-o continu\u0103 alergare, ne-am propus s\u0103 ne oprim pu\u021bin. C\u00e2t s\u0103 ne punem \u00eentreb\u0103ri despre s\u0103n\u0103tatea noastr\u0103, despre ce ne face s\u0103 ne sim\u021bim bine \u0219i cum putem s\u0103 d\u0103m acestei mi\u0219c\u0103ri continue un sens.<\/p>\n<p>5 licee cu Poft\u0103 de s\u0103n\u0103tate intr\u0103 \u00een competi\u021bie! 200 de adolescen\u021bi, 4 speciali\u0219ti \u00een nutri\u021bie, buc\u0103t\u0103real\u0103, emo\u021bii \u0219i mi\u0219care ne ajut\u0103 s\u0103 \u00een\u021belegem mai bine destina\u021bia \u0219i traseele de urmat pentru a fi bine. Cu noi \u00een\u0219ine \u0219i cu cei din jur.<\/p>\n<p>A\u0219adar, pe parcursul a dou\u0103 luni de zile, \u00eentre 22 aprilie \u0219i 10 iunie 2023, 200 de elevi vor participa la o serie de ateliere interactive cu speciali\u0219ti \u0219i \u00ee\u0219i vor testa cuno\u0219tin\u021bele adunate \u00een provoc\u0103ri gamificate, ca apoi s\u0103 se \u00eentreac\u0103 pe echipe \u00een marea final\u0103 \u2013 un Antrenament pentru stare de BINE &#8211; ce va aduce marele premiu la liceul lor.<\/p>\n<p>Programul \u201dPoft\u0103 de s\u0103n\u0103tate &#8211; Antrenament pentru stare de BINE\u201d face parte din EduFOOD, direc\u021bia strategic\u0103 <a href=\"https:\/\/www.edenred.ro\/ro\" target=\"_blank\" rel=\"noopener\">Edenred<\/a> pentru 2023-2026, \u00een Rom\u00e2nia, a Programului <a href=\"https:\/\/www.food-programme.eu\/en\/\" target=\"_blank\" rel=\"noopener\">FOOD (Fighting obesity through offer and demand)<\/a>.<\/p>\n<\/div><\/div><\/div><\/div><\/div><\/div><\/div><\/section><section class=\"l-section wpb_row us_custom_b2a3d618 height_large\"><div class=\"l-section-h i-cf\"><div class=\"g-cols vc_row via_flex valign_top type_default stacking_default\"><div class=\"vc_col-sm-12 wpb_column vc_column_container\"><div class=\"vc_column-inner\"><div class=\"wpb_wrapper\"><div class=\"wpb_text_column\"><div class=\"wpb_wrapper\"><h4>Scopul proiectului<\/h4>\n<p>Scopul competi\u021biei este de a aduce \u00een prim plan nevoia de conectare la noi \u00een\u0219ine \u0219i importan\u021ba cre\u0103rii de obiceiuri s\u0103n\u0103toase ca baz\u0103 pentru o via\u021b\u0103 fericit\u0103. \u0218i ce v\u00e2rst\u0103 mai potrivit\u0103 de a pune \u00een practic\u0103 principiile unei vie\u021bi armonioase, dec\u00e2t adolescen\u021ba \u2013 perioad\u0103 critic\u0103 \u00een care creierul trece prin transform\u0103ri majore, specializ\u00e2ndu-se pe comportamentele recompensatorii \u0219i d\u00e2ndu-le la o parte cele care nu le mai sunt utile, comportamente care dau direc\u021bia pentru restul vie\u021bii.<\/p>\n<\/div><\/div><\/div><\/div><\/div><\/div><\/div><\/section><section class=\"l-section wpb_row us_custom_53135519 bla height_large\"><div class=\"l-section-h i-cf\"><div class=\"g-cols vc_row via_flex valign_top type_default stacking_default\"><div class=\"vc_col-sm-12 wpb_column vc_column_container\"><div class=\"vc_column-inner\"><div class=\"wpb_wrapper\"><div class=\"wpb_text_column\"><div class=\"wpb_wrapper\"><h4>Cui se adreseaz\u0103 proiectul?<\/h4>\n<p>Proiectul este adresat unui num\u0103r de cinci licee din Bucure\u0219ti, fiecare dintre acestea aduc\u00e2nd o echip\u0103 de 30-50 de elevi, \u00een total fiind aproximativ 200 de elevi.<\/p>\n<p>\u0218coli participante:<\/p>\n<\/div><\/div><div class=\"w-separator size_custom\" style=\"height:2rem\"><\/div><div class=\"w-hwrapper align_center valign_top wrap\" style=\"--hwrapper-gap:6rem\"><div class=\"w-vwrapper us_custom_78110eaa align_center valign_top\"><div class=\"w-image align_center\"><a target=\"_blank\" href=\"https:\/\/colegiulmotoc.ro\/\" rel=\"noopener\" aria-label=\"Leg\u0103tur\u0103\" class=\"w-image-h\"><img width=\"200\" height=\"200\" src=\"https:\/\/www.zidebine.ro\/poftadesanatate\/wp-content\/uploads\/2023\/04\/logo_motoc.png\" class=\"attachment-large size-large\" alt=\"\" decoding=\"async\" loading=\"lazy\" \/><\/a><\/div><div class=\"wpb_text_column us_custom_c0ae2726 nobr\"><div class=\"wpb_wrapper\"><p><a href=\"https:\/\/colegiulmotoc.ro\/\" target=\"_blank\" rel=\"noopener\"><strong>Colegiul Tehnic de Industrie<br \/>\nAlimentar\u0103 \u201eDumitru Mo\u021boc\u201d<\/strong><\/a><\/p>\n<\/div><\/div><\/div><div class=\"w-vwrapper us_custom_78110eaa align_center valign_top\"><div class=\"w-image align_center\"><a target=\"_blank\" href=\"https:\/\/www.facebook.com\/people\/Colegiul-Economic-Viilor\/100063601596105\/\" rel=\"noopener\" aria-label=\"Leg\u0103tur\u0103\" class=\"w-image-h\"><img width=\"200\" height=\"200\" src=\"https:\/\/www.zidebine.ro\/poftadesanatate\/wp-content\/uploads\/2023\/04\/logo_viilor.png\" class=\"attachment-large size-large\" alt=\"\" decoding=\"async\" loading=\"lazy\" \/><\/a><\/div><div class=\"wpb_text_column us_custom_c0ae2726 nobr\"><div class=\"wpb_wrapper\"><p><a href=\"https:\/\/www.facebook.com\/people\/Colegiul-Economic-Viilor\/100063601596105\/\" target=\"_blank\" rel=\"noopener\"><strong>Colegiul Economic<br \/>\n\u201eViilor\u201d<\/strong><\/a><\/p>\n<\/div><\/div><\/div><div class=\"w-vwrapper us_custom_78110eaa align_center valign_top\"><div class=\"w-image align_center\"><a target=\"_blank\" href=\"http:\/\/basarab.ro\/\" rel=\"noopener\" aria-label=\"Leg\u0103tur\u0103\" class=\"w-image-h\"><img width=\"200\" height=\"200\" src=\"https:\/\/www.zidebine.ro\/poftadesanatate\/wp-content\/uploads\/2023\/04\/logo_basarab.png\" class=\"attachment-large size-large\" alt=\"\" decoding=\"async\" loading=\"lazy\" \/><\/a><\/div><div class=\"wpb_text_column us_custom_c0ae2726 nobr\"><div class=\"wpb_wrapper\"><p><a href=\"http:\/\/basarab.ro\/\" target=\"_blank\" rel=\"noopener\"><strong>Colegiul Na\u021bional<br \/>\n\u201eMatei Basarab\u201d<\/strong><\/a><\/p>\n<\/div><\/div><\/div><\/div><div class=\"w-separator size_custom\" style=\"height:3rem\" id=\"y523\"><style>@media(max-width:1024px){ #y523{height:0!important}}@media(max-width:600px){ #y523{height:0!important}}<\/style><\/div><div class=\"w-hwrapper align_center valign_top wrap\" style=\"--hwrapper-gap:6rem\"><div class=\"w-vwrapper us_custom_78110eaa align_center valign_top\"><div class=\"w-image align_center\"><a target=\"_blank\" href=\"http:\/\/www.liceumirceaeliade.ro\/\" rel=\"noopener\" aria-label=\"Leg\u0103tur\u0103\" class=\"w-image-h\"><img width=\"200\" height=\"200\" src=\"https:\/\/www.zidebine.ro\/poftadesanatate\/wp-content\/uploads\/2023\/04\/logo_eliade.png\" class=\"attachment-large size-large\" alt=\"\" decoding=\"async\" loading=\"lazy\" \/><\/a><\/div><div class=\"wpb_text_column us_custom_c0ae2726 nobr\"><div class=\"wpb_wrapper\"><p><a href=\"http:\/\/www.liceumirceaeliade.ro\/\" target=\"_blank\" rel=\"noopener\"><strong>Liceul cu Program Sportiv<br \/>\n\u201eMircea Eliade\u201d<\/strong><\/a><\/p>\n<\/div><\/div><\/div><div class=\"w-vwrapper align_center valign_top\"><div class=\"w-image align_center\"><a target=\"_blank\" href=\"http:\/\/www.ctptc-airinei.ro\/\" rel=\"noopener\" aria-label=\"Leg\u0103tur\u0103\" class=\"w-image-h\"><img width=\"200\" height=\"200\" src=\"https:\/\/www.zidebine.ro\/poftadesanatate\/wp-content\/uploads\/2023\/04\/logo_pttr.png\" class=\"attachment-large size-large\" alt=\"\" decoding=\"async\" loading=\"lazy\" \/><\/a><\/div><div class=\"wpb_text_column us_custom_c0ae2726 nobr\"><div class=\"wpb_wrapper\"><p><a href=\"http:\/\/www.ctptc-airinei.ro\/\" target=\"_blank\" rel=\"noopener\"><strong>Colegiul Tehnic de Po\u0219t\u0103 \u0219i<br \/>\nTelecomunica\u021bii \u201eGheorghe Airinei\u201d<\/strong><\/a><\/p>\n<\/div><\/div><\/div><\/div><\/div><\/div><\/div><\/div><\/div><\/section><!-- Row Backgrounds --><div class=\"upb_color\" data-bg-override=\"0\" data-bg-color=\"#e4f8ff\" data-fadeout=\"\" data-fadeout-percentage=\"30\" data-parallax-content=\"\" data-parallax-content-sense=\"30\" data-row-effect-mobile-disable=\"true\" data-img-parallax-mobile-disable=\"true\" data-rtl=\"false\"  data-custom-vc-row=\"\"  data-vc=\"6.10.0\"  data-is_old_vc=\"\"  data-theme-support=\"\"   data-overlay=\"false\" data-overlay-color=\"\" data-overlay-pattern=\"\" data-overlay-pattern-opacity=\"\" data-overlay-pattern-size=\"\"    ><\/div>\n","protected":false},"excerpt":{"rendered":"Despre proiect M\u00e2nc\u0103m pe fug\u0103, bif\u0103m taskuri \u00een goan\u0103, ne \u00eemprietenim \u0219i desprietenim din mers. \u00centr-o lume \u00eentr-o continu\u0103 alergare, ne-am propus s\u0103 ne oprim pu\u021bin. C\u00e2t s\u0103 ne punem \u00eentreb\u0103ri despre s\u0103n\u0103tatea noastr\u0103, despre ce ne face s\u0103 ne sim\u021bim bine \u0219i cum putem s\u0103 d\u0103m acestei mi\u0219c\u0103ri continue un sens. 5 licee cu...","protected":false},"author":2,"featured_media":0,"parent":0,"menu_order":0,"comment_status":"closed","ping_status":"closed","template":"","meta":[],"_links":{"self":[{"href":"https:\/\/www.zidebine.ro\/poftadesanatate\/wp-json\/wp\/v2\/pages\/17"}],"collection":[{"href":"https:\/\/www.zidebine.ro\/poftadesanatate\/wp-json\/wp\/v2\/pages"}],"about":[{"href":"https:\/\/www.zidebine.ro\/poftadesanatate\/wp-json\/wp\/v2\/types\/page"}],"author":[{"embeddable":true,"href":"https:\/\/www.zidebine.ro\/poftadesanatate\/wp-json\/wp\/v2\/users\/2"}],"replies":[{"embeddable":true,"href":"https:\/\/www.zidebine.ro\/poftadesanatate\/wp-json\/wp\/v2\/comments?post=17"}],"version-history":[{"count":51,"href":"https:\/\/www.zidebine.ro\/poftadesanatate\/wp-json\/wp\/v2\/pages\/17\/revisions"}],"predecessor-version":[{"id":406,"href":"https:\/\/www.zidebine.ro\/poftadesanatate\/wp-json\/wp\/v2\/pages\/17\/revisions\/406"}],"wp:attachment":[{"href":"https:\/\/www.zidebine.ro\/poftadesanatate\/wp-json\/wp\/v2\/media?parent=17"}],"curies":[{"name":"wp","href":"https:\/\/api.w.org\/{rel}","templated":true}]}}